{"id":290,"date":"2022-01-27T23:00:51","date_gmt":"2022-01-27T20:00:51","guid":{"rendered":"http:\/\/power.agu.edu.tr\/?page_id=290"},"modified":"2025-04-13T00:50:14","modified_gmt":"2025-04-12T21:50:14","slug":"projects","status":"publish","type":"page","link":"http:\/\/power.agu.edu.tr\/index.php\/projects\/","title":{"rendered":"Projects"},"content":{"rendered":"<div class=\"is-style-default is-default-size is-style-default wp-block-site-logo\"><a href=\"http:\/\/power.agu.edu.tr\/\" class=\"custom-logo-link\" rel=\"home\" target=\"_blank\"aria-label=\"(Home link, opens in a new tab)\"><img loading=\"lazy\" width=\"303\" height=\"160\" src=\"http:\/\/power.agu.edu.tr\/wp-content\/uploads\/2023\/03\/cropped-Agu_power_lab_eng.jpg\" class=\"custom-logo\" alt=\"\" srcset=\"http:\/\/power.agu.edu.tr\/wp-content\/uploads\/2023\/03\/cropped-Agu_power_lab_eng.jpg 303w, http:\/\/power.agu.edu.tr\/wp-content\/uploads\/2023\/03\/cropped-Agu_power_lab_eng-300x158.jpg 300w\" sizes=\"(max-width: 303px) 100vw, 303px\" \/><\/a><\/div>\n\n\n<p><\/p>\n\n\n\n<pre class=\"wp-block-verse has-small-font-size\" style=\"font-style:normal;font-weight:600\">[2021 \u2013 2023] - TUBITAK 3501 (Project # 121E413) - Design Optimization and Implementation of Direct Start Synchronous Reluctance Motor for Submersible Pump Applications ( Principal Investigator: Burak Tekg\u00fcn, PhD)<gwmw style=\"display:none;\"><\/pre>\n\n\n\n<pre class=\"wp-block-verse has-small-font-size\" style=\"font-style:normal;font-weight:600\">[2022 - 2025] \u2013 TUBITAK 1001 - High Range and Long Distance Wireless Power Transmission Using Laser (Advisor: Burak Tekg\u00fcn, PhD)<\/pre>\n\n\n\n<pre class=\"wp-block-verse has-small-font-size\" style=\"font-style:normal;font-weight:600\">[2018 \u2013 2021] TUBITAK 1001 (Project # 118E172) - Design and Implementation of a High Efficiency Switched Reluctance Machine Drive System with Modular Buck\/Boost DC\/DC\/AC Inverters ( Principal Investigator: Burak Tekg\u00fcn, PhD)<gwmw style=\"display:none;\"><\/pre>\n\n\n\n<pre class=\"wp-block-verse has-small-font-size\" style=\"font-style:normal;font-weight:600\">[2021 - 2022] TUBITAK 2210-D (1649B022006270) Adaptive Torque Sharing Function of the Switched Reluctance Motor to Mitigate Torque Ripple  ( Principal Investigator: Ufuk Gen\u00e7)<gwmw style=\"display:none;\"><\/pre>\n\n\n\n<pre class=\"wp-block-verse has-small-font-size\" style=\"font-style:normal;font-weight:600\">[2021 - 2024] \u2013 TUBITAK 2211-C Senktron Reluktans Motor Tasar\u0131m\u0131 ( Principle Investigator: Didem Tekg\u00fcn)<\/pre>\n\n\n\n<pre class=\"wp-block-verse has-small-font-size\" style=\"font-style:normal;font-weight:600\">[2018 - 2018] \u2013 TUBITAK 1507 - Improvement of the Motor Drives in Elevator Systems,\" Field oriented control implementation for induction and synchronous motors aiming to contol the speed and the position of the elevator cars. (Consultant Burak Tekg\u00fcn, PhD)<\/pre>\n\n\n\n<div class=\"wp-block-columns\">\n<div class=\"wp-block-column\">\n<figure class=\"wp-block-gallery has-nested-images columns-default is-cropped\">\n<figure class=\"wp-block-image size-large is-style-default\"><img loading=\"lazy\" width=\"1024\" height=\"683\" src=\"https:\/\/power.agu.edu.tr\/wp-content\/uploads\/2022\/04\/IMG_3586-1024x683.jpg\" alt=\"\" class=\"wp-image-656\" srcset=\"http:\/\/power.agu.edu.tr\/wp-content\/uploads\/2022\/04\/IMG_3586-1024x683.jpg 1024w, http:\/\/power.agu.edu.tr\/wp-content\/uploads\/2022\/04\/IMG_3586-300x200.jpg 300w, http:\/\/power.agu.edu.tr\/wp-content\/uploads\/2022\/04\/IMG_3586-768x512.jpg 768w, http:\/\/power.agu.edu.tr\/wp-content\/uploads\/2022\/04\/IMG_3586-1536x1024.jpg 1536w, http:\/\/power.agu.edu.tr\/wp-content\/uploads\/2022\/04\/IMG_3586-2048x1365.jpg 2048w\" sizes=\"(max-width: 1024px) 100vw, 1024px\" \/><\/figure>\n<\/figure>\n<\/div>\n\n\n\n<div class=\"wp-block-column\">\n<figure class=\"wp-block-gallery has-nested-images columns-default is-cropped\">\n<figure class=\"wp-block-image size-large is-style-default\"><img loading=\"lazy\" width=\"1024\" height=\"682\" src=\"https:\/\/power.agu.edu.tr\/wp-content\/uploads\/2022\/04\/IMG_3717-1024x682.jpg\" alt=\"\" class=\"wp-image-658\" srcset=\"http:\/\/power.agu.edu.tr\/wp-content\/uploads\/2022\/04\/IMG_3717-1024x682.jpg 1024w, http:\/\/power.agu.edu.tr\/wp-content\/uploads\/2022\/04\/IMG_3717-300x200.jpg 300w, http:\/\/power.agu.edu.tr\/wp-content\/uploads\/2022\/04\/IMG_3717-768x511.jpg 768w, http:\/\/power.agu.edu.tr\/wp-content\/uploads\/2022\/04\/IMG_3717-1536x1023.jpg 1536w, http:\/\/power.agu.edu.tr\/wp-content\/uploads\/2022\/04\/IMG_3717-2048x1364.jpg 2048w\" sizes=\"(max-width: 1024px) 100vw, 1024px\" \/><\/figure>\n<\/figure>\n<\/div>\n<\/div>\n\n\n\n<div class=\"wp-block-columns\">\n<div class=\"wp-block-column\">\n<figure class=\"wp-block-image size-large is-style-default\"><img loading=\"lazy\" width=\"1024\" height=\"683\" src=\"https:\/\/power.agu.edu.tr\/wp-content\/uploads\/2022\/04\/IMG_3616-1024x683.jpg\" alt=\"\" class=\"wp-image-660\" srcset=\"http:\/\/power.agu.edu.tr\/wp-content\/uploads\/2022\/04\/IMG_3616-1024x683.jpg 1024w, http:\/\/power.agu.edu.tr\/wp-content\/uploads\/2022\/04\/IMG_3616-300x200.jpg 300w, http:\/\/power.agu.edu.tr\/wp-content\/uploads\/2022\/04\/IMG_3616-768x512.jpg 768w, http:\/\/power.agu.edu.tr\/wp-content\/uploads\/2022\/04\/IMG_3616-1536x1024.jpg 1536w, http:\/\/power.agu.edu.tr\/wp-content\/uploads\/2022\/04\/IMG_3616-2048x1365.jpg 2048w\" sizes=\"(max-width: 1024px) 100vw, 1024px\" \/><\/figure>\n<\/div>\n\n\n\n<div class=\"wp-block-column\">\n<figure class=\"wp-block-image size-large is-style-default\"><img loading=\"lazy\" width=\"1024\" height=\"683\" src=\"https:\/\/power.agu.edu.tr\/wp-content\/uploads\/2022\/04\/IMG_3659-1024x683.jpg\" alt=\"\" class=\"wp-image-663\" srcset=\"http:\/\/power.agu.edu.tr\/wp-content\/uploads\/2022\/04\/IMG_3659-1024x683.jpg 1024w, http:\/\/power.agu.edu.tr\/wp-content\/uploads\/2022\/04\/IMG_3659-300x200.jpg 300w, http:\/\/power.agu.edu.tr\/wp-content\/uploads\/2022\/04\/IMG_3659-768x512.jpg 768w, http:\/\/power.agu.edu.tr\/wp-content\/uploads\/2022\/04\/IMG_3659-1536x1024.jpg 1536w, http:\/\/power.agu.edu.tr\/wp-content\/uploads\/2022\/04\/IMG_3659-2048x1365.jpg 2048w\" sizes=\"(max-width: 1024px) 100vw, 1024px\" \/><\/figure>\n<\/div>\n<\/div>\n\n\n<div class=\"is-style-default is-default-size is-style-default wp-block-site-logo\"><a href=\"http:\/\/power.agu.edu.tr\/\" class=\"custom-logo-link\" rel=\"home\" target=\"_blank\"aria-label=\"(Home link, opens in a new tab)\"><img loading=\"lazy\" width=\"303\" height=\"160\" src=\"http:\/\/power.agu.edu.tr\/wp-content\/uploads\/2023\/03\/cropped-Agu_power_lab_eng.jpg\" class=\"custom-logo\" alt=\"\" srcset=\"http:\/\/power.agu.edu.tr\/wp-content\/uploads\/2023\/03\/cropped-Agu_power_lab_eng.jpg 303w, http:\/\/power.agu.edu.tr\/wp-content\/uploads\/2023\/03\/cropped-Agu_power_lab_eng-300x158.jpg 300w\" sizes=\"(max-width: 303px) 100vw, 303px\" \/><\/a><\/div>","protected":false},"excerpt":{"rendered":"<p>[2021 \u2013 2023] &#8211; TUBITAK 3501 (Project # 121E413) &#8211; Design Optimization and Implementation of Direct Start Synchronous Reluctance Motor for Submersible Pump Applications (<span class=\"more-button\"><a href=\"http:\/\/power.agu.edu.tr\/index.php\/projects\/\" class=\"more-link\">Continue reading<span class=\"screen-reader-text\">Projects<\/span><\/a><\/a><\/p>\n","protected":false},"author":4,"featured_media":0,"parent":0,"menu_order":0,"comment_status":"closed","ping_status":"closed","template":"","meta":[],"_links":{"self":[{"href":"http:\/\/power.agu.edu.tr\/index.php\/wp-json\/wp\/v2\/pages\/290"}],"collection":[{"href":"http:\/\/power.agu.edu.tr\/index.php\/wp-json\/wp\/v2\/pages"}],"about":[{"href":"http:\/\/power.agu.edu.tr\/index.php\/wp-json\/wp\/v2\/types\/page"}],"author":[{"embeddable":true,"href":"http:\/\/power.agu.edu.tr\/index.php\/wp-json\/wp\/v2\/users\/4"}],"replies":[{"embeddable":true,"href":"http:\/\/power.agu.edu.tr\/index.php\/wp-json\/wp\/v2\/comments?post=290"}],"version-history":[{"count":17,"href":"http:\/\/power.agu.edu.tr\/index.php\/wp-json\/wp\/v2\/pages\/290\/revisions"}],"predecessor-version":[{"id":1314,"href":"http:\/\/power.agu.edu.tr\/index.php\/wp-json\/wp\/v2\/pages\/290\/revisions\/1314"}],"wp:attachment":[{"href":"http:\/\/power.agu.edu.tr\/index.php\/wp-json\/wp\/v2\/media?parent=290"}],"curies":[{"name":"wp","href":"https:\/\/api.w.org\/{rel}","templated":true}]}}