{"id":1242,"date":"2023-03-22T01:40:09","date_gmt":"2023-03-21T22:40:09","guid":{"rendered":"https:\/\/power.agu.edu.tr\/?page_id=1242"},"modified":"2025-04-13T00:50:13","modified_gmt":"2025-04-12T21:50:13","slug":"hakkimizda","status":"publish","type":"page","link":"http:\/\/power.agu.edu.tr\/index.php\/hakkimizda\/","title":{"rendered":"Hakk\u0131m\u0131zda"},"content":{"rendered":"<div class=\"is-default-size wp-block-site-logo\"><a href=\"http:\/\/power.agu.edu.tr\/\" class=\"custom-logo-link\" rel=\"home\"><img loading=\"lazy\" width=\"303\" height=\"160\" src=\"http:\/\/power.agu.edu.tr\/wp-content\/uploads\/2023\/03\/cropped-Agu_power_lab_eng.jpg\" class=\"custom-logo\" alt=\"\" srcset=\"http:\/\/power.agu.edu.tr\/wp-content\/uploads\/2023\/03\/cropped-Agu_power_lab_eng.jpg 303w, http:\/\/power.agu.edu.tr\/wp-content\/uploads\/2023\/03\/cropped-Agu_power_lab_eng-300x158.jpg 300w\" sizes=\"(max-width: 303px) 100vw, 303px\" \/><\/a><\/div>\n\n\n<hr class=\"wp-block-separator\"\/>\n\n\n\n<figure class=\"wp-block-image size-large\"><img loading=\"lazy\" width=\"1024\" height=\"683\" src=\"https:\/\/power.agu.edu.tr\/wp-content\/uploads\/2022\/04\/IMG_3637-1-1024x683.jpg\" alt=\"\" class=\"wp-image-628\" srcset=\"http:\/\/power.agu.edu.tr\/wp-content\/uploads\/2022\/04\/IMG_3637-1-1024x683.jpg 1024w, http:\/\/power.agu.edu.tr\/wp-content\/uploads\/2022\/04\/IMG_3637-1-300x200.jpg 300w, http:\/\/power.agu.edu.tr\/wp-content\/uploads\/2022\/04\/IMG_3637-1-768x512.jpg 768w, http:\/\/power.agu.edu.tr\/wp-content\/uploads\/2022\/04\/IMG_3637-1-1536x1024.jpg 1536w, http:\/\/power.agu.edu.tr\/wp-content\/uploads\/2022\/04\/IMG_3637-1-2048x1365.jpg 2048w\" sizes=\"(max-width: 1024px) 100vw, 1024px\" \/><\/figure>\n\n\n\n<p class=\"has-drop-cap has-black-color has-text-color has-normal-font-size\"><a rel=\"noreferrer noopener\" href=\"https:\/\/power.agu.edu.tr\/\" target=\"_blank\"><strong>AG\u00dc Power Lab<\/strong><\/a>, 2017 y\u0131l\u0131nda Dr. Burak Tekg\u00fcn taraf\u0131ndan kuruldu. O zamandan beri, T\u00dcB\u0130TAK ve AG\u00dc taraf\u0131ndan sa\u011flanan fonlarla en son teknoloji ekipmanlarla donat\u0131ld\u0131 ve b\u00fcy\u00fcyor. Ara\u015ft\u0131rma \u00f6ncelikleri aras\u0131nda elektrikli makinelerin tasar\u0131m\u0131 ve optimizasyonu, motor s\u00fcr\u00fcc\u00fcleri, elektrikli makine kontrolleri, sens\u00f6rs\u00fcz kontrol teknikleri, elektrikli ara\u00e7 \u015farj \u00fcniteleri, batarya y\u00f6netim sistemleri ve yenilenebilir enerji sistemleri yer al\u0131yor.<gwmw style=\"display:none;\"><gwmw style=\"display:none;\"><\/gwmw><\/p>\n","protected":false},"excerpt":{"rendered":"<p>AG\u00dc Power Lab, 2017 y\u0131l\u0131nda Dr. Burak Tekg\u00fcn taraf\u0131ndan kuruldu. O zamandan beri, T\u00dcB\u0130TAK ve AG\u00dc taraf\u0131ndan sa\u011flanan fonlarla en son teknoloji ekipmanlarla donat\u0131ld\u0131 ve<span class=\"more-button\"><a href=\"http:\/\/power.agu.edu.tr\/index.php\/hakkimizda\/\" class=\"more-link\">Continue reading<span class=\"screen-reader-text\">Hakk\u0131m\u0131zda<\/span><\/a><\/a><\/p>\n","protected":false},"author":7,"featured_media":0,"parent":0,"menu_order":0,"comment_status":"closed","ping_status":"closed","template":"","meta":[],"_links":{"self":[{"href":"http:\/\/power.agu.edu.tr\/index.php\/wp-json\/wp\/v2\/pages\/1242"}],"collection":[{"href":"http:\/\/power.agu.edu.tr\/index.php\/wp-json\/wp\/v2\/pages"}],"about":[{"href":"http:\/\/power.agu.edu.tr\/index.php\/wp-json\/wp\/v2\/types\/page"}],"author":[{"embeddable":true,"href":"http:\/\/power.agu.edu.tr\/index.php\/wp-json\/wp\/v2\/users\/7"}],"replies":[{"embeddable":true,"href":"http:\/\/power.agu.edu.tr\/index.php\/wp-json\/wp\/v2\/comments?post=1242"}],"version-history":[{"count":1,"href":"http:\/\/power.agu.edu.tr\/index.php\/wp-json\/wp\/v2\/pages\/1242\/revisions"}],"predecessor-version":[{"id":1245,"href":"http:\/\/power.agu.edu.tr\/index.php\/wp-json\/wp\/v2\/pages\/1242\/revisions\/1245"}],"wp:attachment":[{"href":"http:\/\/power.agu.edu.tr\/index.php\/wp-json\/wp\/v2\/media?parent=1242"}],"curies":[{"name":"wp","href":"https:\/\/api.w.org\/{rel}","templated":true}]}}